6
Let y(w) = 4*w - w + 2*w + 22 - 2*w. Let s be y(10). Suppose 4*q - 204 = -3*v, 5*q - 4*q + v - s = 0. Calculate the greatest common divisor of q and 72.
24
Suppose 23*y - 1340 + 282 = 0. Let m(l) = -2*l**3 - l**2 + 16*l + 16. Let o be m(-5). Calculate the highest common divisor of y and o.
23
Let y be 63*(0 + (1 - 0)). Let n be 3 + 0 - 1/(-1)*-3. Suppose -2*k - 2*p + 20 = n, -22 - 1 = -2*k - 5*p. What is the greatest common factor of y and k?
9
Let m = -183 - -288. Suppose -8 = -5*h + 3*u, -5*u + 3*u = -3*h + 4. Suppose -h*b + m - 41 = 0. What is the greatest common divisor of b and 80?
16
Let q be (612/45 - 14)*-2680. What is the greatest common factor of q and 16?
16
Let g(c) = -8*c - 6. Let z be g(-3). Let a = 1129 - 1039. Calculate the greatest common factor of a and z.
18
Let s(k) = 106*k + 2331. Let c be s(-17). Calculate the greatest common divisor of 115 and c.
23
Let w = 4261 - 3787. Calculate the greatest common factor of 15 and w.
3
Let k(v) = 4*v + 194. Let s be k(19). Calculate the highest common divisor of s and 40.
10
Let n = -360 - -386. Let t be (4/6)/((-24)/(-468)). What is the greatest common divisor of t and n?
13
Suppose -v - 260 = -5*m - 80, 0 = -3*m - v + 100. Suppose -10*f + 840 = -2*f. Calculate the greatest common divisor of m and f.
35
Let i be (-204)/(-6)*(-2 + (-33)/(-6)). Suppose 7*l - i = 63. What is the greatest common factor of 104 and l?
26
Let j be 3/(-12)*-796 + -6. Let z = j - 179. What is the greatest common divisor of 266 and z?
14
Let v(b) = 10*b - 327. Let t be v(42). Calculate the greatest common divisor of t and 7347.
93
Let c = -115 - -115. Suppose 5*b - 5*j - 1255 = 0, c = -b - 2*j - 0*j + 254. What is the highest common factor of b and 63?
63
Let g(n) = 2*n**2 + 3*n - 5. Let c be g(-5). Suppose 21*q - 360 = 25*q. Let p = q + 96. What is the highest common factor of p and c?
6
Let c(u) = -11*u + 15*u**2 + 10 + 11 - 32 + 13. Let l be c(1). Calculate the highest common divisor of 78 and l.
6
Let f = 375 + -266. Let j = f - 101. What is the greatest common factor of j and 136?
8
Let g(r) = 4*r - r + 39*r. Let s be g(2). Let i be 5/(-35)*-161 + -2 + 0. Calculate the highest common factor of s and i.
21
Let t(h) = 3*h**2 - 31*h + 23. Let r be t(12). Suppose 2*c - 13 - r = 0. What is the highest common factor of c and 36?
12
Suppose -5*k - 15258 = -3*w - 0*k, k + 20310 = 4*w. What is the highest common factor of w and 144?
36
Let l be 1150/150 + (-2)/3. Suppose -l*o + 14*o = 133. What is the greatest common factor of o and 171?
19
Suppose 3*d + 6 = -0*d. Let s be 139 + 12/10*(-5)/d. Suppose 0 = 3*l + 5*k - 140, 0*k - s = -3*l - 4*k. Calculate the highest common factor of 20 and l.
10
Suppose -8297 = 30*p - 23147. Calculate the highest common divisor of p and 180.
45
Let u(y) = -y**2 - 15*y + 144. Let z be u(18). Let a = 619 + z. What is the greatest common divisor of a and 13?
13
Let s be ((-36)/(-28))/((-30)/(-910)). Suppose 3*x - 111 - 6 = 0. What is the highest common factor of x and s?
39
Suppose -62*b + 40*b + 352 = 0. Suppose b*a - 170 = 54. What is the greatest common factor of a and 182?
14
Suppose 2*r = -5*t + 9*t - 2, -2 = -4*r + 2*t. Let s be 3/r + (243 + 4 - 5). What is the greatest common divisor of 98 and s?
49
Let d be 111/21 + -5 + 30/(-7). Let y be (-25 + 9)/(1*(d + 2)). What is the greatest common factor of y and 40?
8
Suppose -38 = -5*z - 128. Let d = z + 26. Suppose d*q + 135 = 13*q. Calculate the highest common factor of q and 270.
27
Let c = 30206 - 30131. What is the highest common divisor of 155 and c?
5
Let o = -9530 - -18971. Calculate the highest common divisor of 27 and o.
9
Let q be (-6)/4*(90 + -404). Let p = 705 - q. Calculate the greatest common factor of p and 78.
78
Let a be 4/3 + (-2321092)/(-492). What is the highest common factor of 242 and a?
121
Let x be ((-12)/8)/((-2)/72). Let b be ((-63)/(-4))/(93/(-248)). Let a be 108*((-15)/b - 6/(-42)). Calculate the highest common factor of x and a.
54
Let v = 50 - 45. Let l = -33 - -43. Let j be 576/(-24)*l/(-3). Calculate the highest common factor of j and v.
5
Suppose -4*p = -19 + 7. Let u be (p - (-11)/(-3))*6/(-4). What is the highest common factor of 7 and u?
1
Let w be 18/45 - (-2222)/(-5). Let x = 561 + w. What is the greatest common divisor of 312 and x?
39
Let p(v) = 66*v**2 + 6*v + 18. Let d be p(-3). Suppose 3 = 5*q - 7. Suppose -2*s - z = q*s - 216, -z - 54 = -s. What is the highest common factor of d and s?
54
Let y be (-696)/(-10)*(-935)/(-34). What is the highest common divisor of 11 and y?
11
Let j be 85*(486/30 - 0). Suppose 6015 = 28*d - j. What is the greatest common factor of 6 and d?
6
Let c be (-2)/(12/30) + 43. Let x = 2 + c. What is the highest common factor of 20 and x?
20
Suppose -38*x = -68*x + 44*x - 1792. What is the greatest common factor of 2592 and x?
32
Suppose -d + 0 - 3 = 0, 3*z - 2*d - 51 = 0. Suppose 0*g + 2*g = 0. Suppose g = 3*l - 29 - 1. What is the highest common factor of z and l?
5
Let x(v) be the third derivative of 3*v**5/20 + 29*v**4/8 - 7*v**3/6 + 53*v**2. Let n be x(-10). What is the highest common divisor of n and 437?
23
Suppose 0 = -58*z + 23441 + 5327. What is the greatest common divisor of 217 and z?
31
Let q(r) = -19*r**2 + r + 1580. Let w be q(9). Let c = 8 - -26. Let z = c - 24. What is the greatest common divisor of z and w?
10
Let f(h) be the first derivative of -h**4/4 + 5*h**3 - 3*h**2 - 22*h + 187. Let j be f(12). What is the highest common factor of j and 26?
26
Suppose 1299*v = 1297*v + 5*a + 5130, -3*v + 2*a + 7728 = 0. Calculate the highest common divisor of 480 and v.
60
Let s(v) = -v**3 + 8*v**2 + 2*v - 11. Let k be s(8). Suppose 5*o - 40 = 5*c, 2*c + 19 = 4*o - k. What is the greatest common factor of o and 132?
4
Suppose 82 = 15*x - 11*x + 5*i, 3*x + 2*i = 72. Calculate the greatest common factor of 26572 and x.
28
Suppose 4*s = -16, -4*b - s + 1736 - 464 = 0. Let r = b - 289. What is the greatest common factor of 10 and r?
10
Let b(c) = -622*c - 103. Let t be b(-5). What is the highest common divisor of t and 291?
97
Let d = -411 - -620. Let z = -37 - -64. Let i = -8 + z. What is the highest common divisor of d and i?
19
Let x = -123 + 74. Let z = -51 - x. Let j be ((-4)/z)/(-8) - 482/(-8). What is the highest common divisor of j and 6?
6
Let i be 2/16 - 3/(-8) - 43/(-2). Calculate the highest common divisor of 7634 and i.
22
Suppose -10*k + 6 = -12*k. Let t be 18/4*k*(-4)/3. Suppose 10 = -6*s + 11*s. What is the greatest common divisor of s and t?
2
Suppose 0 = 3*k - q - 32, -4*k - 382*q = -378*q - 80. Calculate the greatest common divisor of 16068 and k.
13
Suppose 0 = 123*t - 110012 - 91093. Calculate the greatest common factor of 15 and t.
15
Let q = -4827 + 9832. Calculate the highest common factor of 572 and q.
143
Let r be 2345/14 + 15/(-6). Let h = -137 + r. What is the highest common factor of 7 and h?
7
Let m = 73 + -72. Let p be ((9 + -2)*m)/1. Suppose -g - 5*o + 77 = 0, 4*o = 5*g - 146 - 239. What is the greatest common divisor of p and g?
7
Let c(i) = -i**2 + 13*i - 21. Let w be c(15). Let p(r) = -19*r - 5. Let m be p(-3). Let d = m + w. Calculate the highest common divisor of d and 9.
1
Suppose 0 = -p - p + 8. Let b = 116677 + -116659. Calculate the greatest common divisor of b and p.
2
Suppose 55*h - 3620 = 52*h - 5*p, 5*h - 6095 = 4*p. Calculate the greatest common factor of h and 60.
15
Let z(a) = -a**3 + 2*a**2 + 139*a + 2379. Let k be z(0). Calculate the highest common factor of k and 195.
39
Let h be ((-18)/8)/((-3)/80)*141/94. What is the greatest common divisor of 660 and h?
30
Let z = 3756 - -56. What is the greatest common factor of 4 and z?
4
Let y = 49 - 40. Suppose 21*i - y*i - 1140 = 0. Calculate the highest common divisor of 76 and i.
19
Suppose 3*v - 203 = -v - u, 0 = 3*v - 3*u - 171. Let q = -837 - -445. Let t be q/(-10)*1 - 1/5. Calculate the greatest common divisor of v and t.
13
Suppose -9*x + 1188 = -6*x + 24*x. Let u be 1783/3 - (-5)/(-15). What is the highest common divisor of u and x?
22
Let k = 578 + -218. Suppose -5*p - 2*n + 704 = -636, -n + 265 = p. What is the greatest common divisor of k and p?
90
Suppose 0 = 16*p - 20*p + 336. Let u = 85 - p. Let x = 16 - 3. Calculate the highest common divisor of u and x.